n 7947 is divided by b.
12
Suppose -22*v = -5966 - 2064. Calculate the remainder when v is divided by 190.
175
Suppose 5322 + 1541 = 247*h + 441. Let l be (3 - 5) + (-100)/(-2). Let u = l - 34. What is the remainder when h is divided by u?
12
Let c = -148 - -156. Suppose c*y - 93 = 5*y. What is the remainder when 113 is divided by y?
20
What is the remainder when 92 is divided by -6 - (10176/(-120) - (4/(-10))/(-2))?
13
Suppose 180*v - 170074 = -59734. Calculate the remainder when v is divided by 130.
93
Let s(r) = 7*r**2 - 5*r - 9. Let f(y) be the first derivative of -2*y**2 - 19*y - 9. Let u be f(-6). What is the remainder when s(u) is divided by 13?
11
Let c = -135 - -70. Suppose -2*j = -3*j - 41. Let g = j - c. Calculate the remainder when 44 is divided by g.
20
Suppose 0 = 3*h + 633 - 392 - 454. What is the remainder when 242 is divided by h?
29
Suppose 5*y + 2*w = -3*w + 90, 0 = 4*y + 5*w - 75. Calculate the remainder when 59 + (1 - y/(-5)) is divided by 18.
9
What is the remainder when ((-2742)/15)/(224/(-560)) is divided by 50?
7
Suppose 101*k - 2475 = 6413. Calculate the remainder when 1136 is divided by k.
80
Let q = 1992 + -1585. Calculate the remainder when q is divided by 51.
50
Let t(q) = 129*q - 8993. Calculate the remainder when t(100) is divided by 10.
7
Let c = 165 - -98. Suppose c + 112 = 5*d. What is the remainder when d is divided by 32?
11
Suppose -21 = 12*a - 93. Suppose 3*i + 23 - 92 = 0. What is the remainder when i is divided by a?
5
Let o(y) = 1 - 8*y**3 + 0*y**2 - y**2 - 5*y**2 + 4*y**2. Let u(q) = 4*q - 125. Let s be u(31). Calculate the remainder when 9 is divided by o(s).
2
Suppose -4*x - 5*f = -147, 29*f - 25*f - 110 = -3*x. Calculate the remainder when 618 is divided by x.
10
What is the remainder when 578/(-255)*-6*(188 - (4 - 1)) is divided by 96?
20
What is the remainder when 1399 is divided by (186/(-4))/((77/70)/(-11))?
4
Suppose 7*n + n = 960. Suppose -9*c = -150 - n. Calculate the remainder when 205 is divided by c.
25
What is the remainder when 5*(-12)/(-90) - (-422)/6 is divided by ((-19)/2)/((-33)/132)?
33
Suppose -2*z + g + 3*g + 200 = 0, 4*z = 4*g + 388. Let d = -5559 + 5579. Calculate the remainder when z is divided by d.
14
Let x = 34 - 27. What is the remainder when -252*((-12)/14)/3 is divided by x?
2
Suppose 30*z - 254 = -0*z + 76. Let k = 23 - 9. Let j = 28 - k. Calculate the remainder when j is divided by z.
3
Suppose 144760 = 63*y + 113*y - 41448. Calculate the remainder when y is divided by 3.
2
Suppose 2*b = -38*m + 37*m + 31, 0 = -5*b - m + 70. Calculate the remainder when 1286 is divided by b.
12
Let f(x) = 474*x**2 - 473*x**2 + 25*x**3 - 2*x + 8*x**3 + 0*x + 2. Let r be f(1). Let a = -22 + r. What is the remainder when 43 is divided by a?
7
Let i = 52 - 46. What is the remainder when (304/i)/(-4)*-3 is divided by 20?
18
What is the remainder when (35/14 + 7 - 10)*-424 is divided by 56?
44
Let j(x) = -x - 5. Let t be j(-14). Suppose 0 = t*b - 12*b. Suppose -4*y = 5*n - 154, 4*y = -b*n + 4*n - 116. Calculate the remainder when n is divided by 8.
6
Let f be (-2 + -6 + 0)/(2/1). What is the remainder when 52 is divided by (2/f)/((-6)/132)?
8
Let a(d) = 582*d**2 - 50*d - 49. What is the remainder when a(-1) is divided by 21?
16
Let o(i) = 13*i - 167. Let x = -126 - -198. Calculate the remainder when x is divided by o(14).
12
Let i = -585 - -595. Suppose -37*w + 839 = -12. Calculate the remainder when w is divided by i.
3
Let h be 2/((-438)/742 + (-52)/(-91)). Let i = h - -283. What is the remainder when i is divided by 60?
57
Let b(m) = 65*m + 235. Calculate the remainder when b(0) is divided by 42.
25
Let d = -18 - -14. Suppose 11*a - 6 = 269. Calculate the remainder when a is divided by 5/(30/(-21))*d.
11
Let w(a) be the third derivative of a**5/10 - a**4/3 - 5*a**3/6 - 74*a**2. What is the remainder when w(3) is divided by -5*1/((-2)/6)?
10
What is the remainder when 764 is divided by (-11 - (-781)/55)*4*10?
124
Let k(g) = -g**3 + 16*g**2 + 10*g - 14. Suppose -5*y + 21 = l, -l = -6*l - 3*y + 105. Let x = 37 - l. Calculate the remainder when k(x) is divided by 37.
35
Suppose 47*i - 33667 - 4732 = 0. What is the remainder when i is divided by 65?
37
Let o(l) = l**2 + l + 5. Let w be o(0). Suppose -227 - 228 = -4*c + 3*j, -5*j = -w*c + 570. Calculate the remainder when c is divided by 29.
26
Let b(q) = -23*q + 224. What is the remainder when 372 is divided by b(9)?
15
Let k = 7 + -584. Let s = k - -593. Calculate the remainder when 124 is divided by s.
12
Suppose h + p - 5 = 0, 2*h - 3*p = 1 + 9. Let u(t) = 2*t**2 - 6*t + 4. What is the remainder when (1*((-3784)/(-16))/11)/((-2)/(-4)) is divided by u(h)?
19
Let a = 19701 + -19529. Calculate the remainder when 641 is divided by a.
125
Let w = 117 - 11. Let i = 373 + w. Calculate the remainder when i is divided by 48.
47
Suppose -2*i = -13*y + 12*y - 4, -2*y = -3*i + 7. What is the remainder when 34 is divided by (24/(-9) - y)*(-21)/2?
6
Let v(q) = -q**3 - 30*q**2 - 32*q. Suppose -10*l - 87 + 267 = 0. Calculate the remainder when v(-29) is divided by l.
15
Let q(d) = -54*d - 1379. What is the remainder when 1102 is divided by q(-27)?
75
Let a = 27 + 78. Suppose -c + 61 = 3*d, -c + a = 2*d + 3*d. Suppose 0*j - 4*g = -2*j + d, -4*g - 17 = -j. What is the remainder when 8 is divided by j?
3
Calculate the remainder when 413 is divided by (3*(-120)/36)/((-4)/46).
68
Let p(m) = -186*m - 1726. Calculate the remainder when p(-13) is divided by 247.
198
Suppose 0 = 4*h - 4379 - 877. Suppose 3*x = -4*s + h, 5*x - 3*s - 2216 = -s. Let r = x - 303. What is the remainder when r is divided by 10?
9
Suppose 2*o = 476 + 580. Suppose -6*d + 516 = -o. Calculate the remainder when d is divided by 15.
9
Let p be 3/(9/(-80))*6/(-4). Suppose 8*o = -2*o - p. Let y = 69 + o. Calculate the remainder when y is divided by 23.
19
Let k = -23 - -45. Let p be (-2)/(-3) + (-2)/(-6). Calculate the remainder when k is divided by ((-5)/(-15))/(p/24).
6
Let a be 28/(14/(-10) + 8/20). Let z = a + 21. What is the remainder when 2 is divided by (-4)/(-3) - z/(-21)?
0
Let w(o) = o**3 - 9*o**2 + 9*o - 4. Let f be w(8). Suppose f*n = 134 - 14. Let r(u) = -u**2 - 289*u - 1404. What is the remainder when n is divided by r(-5)?
14
Let z be (-7889)/(-345) + -23 - 2524/(-30). Suppose -p - 4 - 79 = 0. Let r = z + p. What is the remainder when 5 is divided by r?
0
Let o(i) = -i**3 + 2*i - 2. Suppose 0 = 69*d - 1132 - 3629. What is the remainder when o(-6) is divided by d?
64
Let w(t) = -43643 + 21817 + 21820 - 29*t + 2*t**2. Suppose 0 = 5*n - 5*r - 29 - 46, 0 = 5*r. Calculate the remainder when 24 is divided by w(n).
6
Suppose 44 = 3*c + 32. Suppose -3*q - c*m + 3 = -100, 4*q = m + 169. What is the remainder when 158 is divided by q?
35
Suppose 20 = 3*r + 5. Suppose 3*i - 119 = 82. Let v = i + -60. What is the remainder when v is divided by r?
2
Suppose -4*f + 0*v - 44 = v, 6 = f - 4*v. Let b be f/(-8) - 339/(-4). Suppose b = x + x. Calculate the remainder when x is divided by 15.
13
Calculate the remainder when 912 + 7 + -3 + -14 is divided by 224.
6
Suppose 2*r + 6 = -5*c, 3*r - 5*c + c - 14 = 0. Suppose -s + 56 = -5*f, -r*f + 2 = 8. Calculate the remainder when s is divided by 16 + (987/(-188) - (-2)/8).
8
Suppose 31*l - 37*l + 276 = 0. Suppose -n + 96 = -133. Calculate the remainder when n is divided by l.
45
Let k = 647 + 673. Suppose 3*s + 1686 = 5*p - s, 0 = 4*p + 4*s - k. Calculate the remainder when p is divided by 42.
40
What is the remainder when 28/35 + (1926/(-10))/(-3) is divided by 24?
17
Let f = 11224 + -11197. Suppose 0 = 4*j - 853 + 105. Calculate the remainder when j is divided by f.
25
Let a(o) = o**3 - 53*o**2 + 150*o + 12. Let h be a(50). Suppose -h*b + 197 = -211. What is the remainder when b is divided by 4?
2
Let n = -4896 + 5345. What is the remainder when n is divided by 62?
15
Let w = -14857 + 14868. Let u(x) = x**3 - 12*x**2 + x - 22. What is the remainder when u(13) is divided by w?
6
Calculate the remainder when 711 is divided by ((-140)/(-21) - 5)*((-318)/(-5) - 0).
75
Suppose -25*c + c + 19512 = 12*c. Calculate the remainder when c is divided by 105.
17
Suppose 3*q - 54 = -2*t, -56*q - 94 = -61*q - 4*t. What is the remainder when 26 is divided by q?
12